rs of 1056375082?
2, 7, 75455363
List the prime factors of 2309087928.
2, 3, 7, 13744571
List the prime factors of 33319185.
3, 5, 409, 5431
List the prime factors of 407295866.
2, 367, 554899
What are the prime factors of 174981715?
5, 173, 202291
List the prime factors of 236411277.
3, 29, 661, 4111
What are the prime factors of 64099214?
2, 17, 1885271
List the prime factors of 532017663.
3, 177339221
What are the prime factors of 123964051?
17, 47, 113, 1373
List the prime factors of 146335173.
3, 53, 337, 2731
What are the prime factors of 578068883?
7, 82581269
What are the prime factors of 336372878?
2, 31, 5425369
What are the prime factors of 834635804?
2, 367, 509, 1117
List the prime factors of 215736360.
2, 3, 5, 7, 79, 3251
List the prime factors of 366510781.
7, 13, 947, 4253
What are the prime factors of 594558677?
594558677
List the prime factors of 103303469.
373, 276953
What are the prime factors of 302918133?
3, 7, 14424673
List the prime factors of 214365827.
13, 37, 71, 6277
What are the prime factors of 215233990?
2, 5, 21523399
List the prime factors of 520939562.
2, 11, 13, 31, 58757
List the prime factors of 272731516.
2, 23, 109, 27197
List the prime factors of 524817101.
524817101
What are the prime factors of 135047010?
2, 3, 5, 7, 643081
What are the prime factors of 418318539?
3, 139439513
What are the prime factors of 70724189?
997, 70937
List the prime factors of 174464900.
2, 5, 31, 167, 337
List the prime factors of 538539754.
2, 269269877
What are the prime factors of 489596165?
5, 313, 312841
List the prime factors of 22382296.
2, 1607, 1741
What are the prime factors of 1279656947?
1279656947
List the prime factors of 68287751.
7, 383, 25471
List the prime factors of 79591959.
3, 8843551
What are the prime factors of 94497134?
2, 47248567
List the prime factors of 2284622708.
2, 131, 1619, 2693
What are the prime factors of 17634263?
83, 212461
List the prime factors of 765403964.
2, 13, 14719307
What are the prime factors of 3543358?
2, 7, 13, 19469
List the prime factors of 568616.
2, 17, 37, 113
What are the prime factors of 1042789?
11, 47, 2017
List the prime factors of 573329244.
2, 3, 47777437
What are the prime factors of 34781444?
2, 59, 293, 503
What are the prime factors of 1166608635?
3, 5, 151, 491, 1049
List the prime factors of 34169302.
2, 859, 19889
What are the prime factors of 40217608?
2, 167, 30103
List the prime factors of 374912119.
11299, 33181
List the prime factors of 126092075.
5, 19, 179, 1483
List the prime factors of 40122373.
23, 317, 5503
What are the prime factors of 1719886748?
2, 429971687
What are the prime factors of 1290965105?
5, 439, 701, 839
What are the prime factors of 41000787?
3, 17, 89, 3011
What are the prime factors of 85135283?
47, 1811389
List the prime factors of 34683341.
7, 11, 19, 151, 157
What are the prime factors of 492229897?
89, 5530673
What are the prime factors of 173590597?
41, 683, 6199
List the prime factors of 543048388.
2, 53, 2561549
List the prime factors of 1007337472.
2, 61483
List the prime factors of 66603247.
66603247
List the prime factors of 1532594300.
2, 5, 15325943
List the prime factors of 585110740.
2, 5, 31, 157, 6011
List the prime factors of 368436425.
5, 7, 23, 239, 383
What are the prime factors of 3476387882?
2, 11, 89, 101, 17579
List the prime factors of 140184261.
3, 7, 17, 19, 83
What are the prime factors of 1018746986?
2, 31, 1153, 14251
What are the prime factors of 967650885?
3, 5, 191, 112583
What are the prime factors of 37084187?
7, 167, 31723
What are the prime factors of 106312441?
17, 6253673
List the prime factors of 231188343.
3, 1619, 47599
What are the prime factors of 1752763727?
11, 13, 942853
What are the prime factors of 4399355632?
2, 7, 5611423
What are the prime factors of 4251180279?
3, 839, 1688987
What are the prime factors of 149448705?
3, 5, 7, 1423321
List the prime factors of 52885941.
3, 41, 10487
List the prime factors of 100876305.
3, 5, 151, 44537
List the prime factors of 743104720.
2, 5, 31, 149, 2011
What are the prime factors of 32017856?
2, 13, 29, 1327
List the prime factors of 55691001.
3, 6187889
List the prime factors of 1150674777.
3, 7, 71, 257249
What are the prime factors of 2463422009?
17, 6011, 24107
What are the prime factors of 1066657788?
2, 3, 7, 1410923
List the prime factors of 2649790042.
2, 1324895021
What are the prime factors of 176471378?
2, 88235689
What are the prime factors of 1940758682?
2, 970379341
What are the prime factors of 4803284068?
2, 11, 101, 1080847
List the prime factors of 113879482.
2, 56939741
List the prime factors of 1219876080.
2, 3, 5, 5082817
What are the prime factors of 5411550945?
3, 5, 29, 97, 277, 463
What are the prime factors of 1915377903?
3, 212819767
What are the prime factors of 85850820?
2, 3, 5, 11, 97, 149
What are the prime factors of 12856934?
2, 79, 81373
What are the prime factors of 213719311?
13, 139, 118273
List the prime factors of 1925533405.
5, 7793, 49417
List the prime factors of 365530746.
2, 3, 7, 8703113
List the prime factors of 8715786134.
2, 11, 17, 19, 1226539
What are the prime factors of 23904632?
2, 2988079
List the prime factors of 98377107.
3, 32792369
What are the prime factors of 200348880?
2, 3, 5, 834787
List the prime factors of 43098786.
2, 3, 2394377
What are the prime factors of 4967402?
2, 11, 23, 9817
List the prime factors of 414291037.
17, 31, 131, 353
List the prime factors of 140736912.
2, 3, 97, 167, 181
What are the prime factors of 168528402?
2, 3, 7, 1337527
What are the prime factors of 597993069?
3, 31, 97, 151, 439
List the prime factors of 78797044.
2, 157, 271, 463
What are the prime factors of 112013935?
5, 11, 17, 10891
What are the prime factors of 4488161854?
2, 11, 1093, 186649
What are the prime factors of 82058336?
2, 2564323
List the prime factors of 302503645.
5, 60500729
What are the prime factors of 962795018?
2, 19, 25336711
What are the prime factors of 2086638040?
2, 5, 1181, 44171
What are the prime factors of 29112963?
3, 11, 23, 317
What are the prime factors of 87266755?
5, 73, 239087
List the prime factors of 235245477.
3, 29, 131, 20641
What are the prime factors of 200828475?
3, 5, 73, 12227
What are the prime factors of 23018413?
11, 71, 29473
What are the prime factors of 11471920?
2, 5, 193, 743
List the prime factors of 395305663.
2287, 172849
What are the prime factors of 36547884?
2, 3, 31, 32749
List the prime factors of 2814920864.
2, 7, 3023, 4157
What are the prime factors of 7716160365?
3, 5, 71, 97, 113, 661
List the prime factors of 77372947.
77372947
List the prime factors of 172380898.
2, 1237, 69677
List the prime factors of 204569004.
2, 3, 37, 47, 9803
What are the prime factors of 47450573?
59, 179, 4493
What are the prime factors of 126109459?
7, 137, 131501
List the prime factors of 27933452.
2, 79, 88397
What are the prime factors of 3720982939?
619, 1523, 3947
List the prime factors of 40874987.
17, 2404411
List the prime factors of 1440261567.
3, 59, 83, 3631
What are the prime factors of 14416507?
7, 2059501
What are the prime factors of 3580090707?
3, 17, 31, 401, 5647
List the prime factors of 285079217.
97, 521, 5641
List the prime factors of 82399350.
2, 3, 5, 11, 49939
List the prime factors of 425663667.
3, 11, 13, 36749
What are the prime factors of 117415053?
3, 7, 1863731
List the prime factors of 289687932.
2, 3, 31, 259577
List the prime factors of 1131997440.
2, 3, 5, 7, 23, 1831
List the prime factors of 79280040.
2, 3, 5, 7, 97, 139
What are the prime factors of 2092879659?
3, 13, 19, 2824399
What are the prime factors of 377229931?
13, 1663, 17449
List the prime factors of 70273426.
2, 41, 856993
What are the prime factors of 580747305?
3, 5, 38716487
What are the prime factors of 52155689?
43, 1212923
List the prime factors of 483168307.
191, 197, 12841
List the prime factors of 683016695.
5, 61, 293, 7643
What are the prime factors of 26398838?
2, 13199419
List the prime factors of 2245319448.
2, 3, 93554977
List the prime factors of 550521161.
550521161
What are the prime factors of 49238321?
11, 283, 15817
What are the prime factors of 60048004?
2, 719, 20879
List the prime factors of 14680748.
2, 61, 60167
L